d derivative of -1/2*x**3 + 0*x + 1/20*x**5 + 0 - 6*x**2 + 7/8*x**4. Let p(n) = 5*c(n) + 3*z(n). Give p(7).
3
Let g(k) = 2*k**2 + 2*k. Let d be g(1). Let w(b) be the third derivative of -b**5/60 + b**4/12 + b**2. Determine w(d).
-8
Let x(t) = 4 + t + 0 - 1. Let q(h) = h - 13. Let f be q(10). What is x(f)?
0
Let w(s) = s. Let x(l) = 11*l + 6. Let p be 6/(-5)*(25 - 30). Let o(j) = p*w(j) - x(j). Determine o(-4).
14
Let q be (38/(-3))/((-14)/21). Suppose -1 - q = -5*c. Let n(b) = -b**2 - b + 1. Let t(r) = -r**3 + 5*r**2 + 2*r - 4. Let p(h) = n(h) + t(h). Give p(c).
1
Suppose -68*b = -64*b - 32. Let c(w) be the third derivative of -w**5/60 + 5*w**4/12 - 5*w**3/3 + 12*w**2. Determine c(b).
6
Suppose 53*x = 51*x + 4. Let v(s) = s + 7*s - 218 + 220 - s**x - 2*s. Determine v(5).
7
Let w(s) = -6 + 0*s + 2*s**2 - 4*s - 4*s**2 + 3*s**2. Let x be w(4). Let j(u) = u**3 + 6*u**2 + u - 1. Determine j(x).
-7
Let i(z) be the third derivative of -z**6/30 + z**5/60 + 5*z**4/24 + 5*z**3/6 - 867*z**2. What is i(-2)?
31
Let a(i) = -i**2 + 11*i + 10. Let f(g) = -19*g + 506. Let c be f(26). Determine a(c).
-2
Suppose -2*w - 4 = 2*a - 2, 4*w - 32 = 2*a. Let o(k) = -k**2 - k - 1. Let g(h) = h**3 + 10*h**2 + 2*h + 11. Let s(m) = a*o(m) - g(m). What is s(-5)?
0
Suppose 2*u - 193 = 3*d, 5*u - 460 = -d + 4*d. Suppose -u = 4*s - 77. Let w(y) = -y**3 - 2*y**2 + y - 2. What is w(s)?
4
Let m be 8/6*171/114. Let k(f) be the second derivative of -3*f + 1/2*f**3 - f**m + 0. What is k(2)?
4
Let m(p) be the third derivative of -p**6/120 + p**5/60 - p**4/12 + p**3/2 + 136*p**2 - 1. Calculate m(0).
3
Let s(z) = -7*z**2 + 11*z + 6. Let t be s(2). Let c(q) be the third derivative of 1/2*q**3 + t + 0*q - 1/24*q**4 + 4*q**2. Calculate c(0).
3
Let z(k) = -2*k**2 + k - 1. Let w(b) = -b**3 + 3*b**2 + 5*b - 3. Let d be w(4). Suppose 4*t = -5*c + d, -3*c + 4*t + 5 = 2*t. What is z(c)?
-2
Let r(h) = -2*h**3 - h**2 + 14*h - 23. Let v be r(2). Let c(y) = -2*y - 38. What is c(v)?
-8
Let s = 160 + -163. Let q(r) = -2*r**2 + 24*r - 3 - 51*r + 6 + 24*r. Give q(s).
-6
Let g be 125/30*2/(10 - 0). Let a(z) be the second derivative of 2*z**2 + 1/12*z**4 + 5*z + 0 - g*z**3. Give a(6).
10
Let q(v) be the first derivative of -v**4/2 - v - 439. Calculate q(-1).
1
Let v(m) = -17*m - 10. Let k(o) = -3*o - 3. Let r(i) = -11*k(i) + 2*v(i). Suppose 9*d = 5*x + 4*d - 55, -d = -3*x + 25. Give r(x).
6
Suppose -3*x + 28 = -2*k, 0 = 4*k - 0*x - 5*x + 58. Let l = k - -20. Let a(d) = 2 + 1 + 2*d - l*d + 1. Give a(4).
0
Suppose -5*g + 3*p + 16 = 0, 4*g - 11 = 6*p - 3*p. Let o be -1 + 14 + (-5 - -4). Let k(i) = 6 + g*i + 11*i**2 - 2*i - o*i**2. Calculate k(5).
-4
Let u(a) be the second derivative of -a**5/20 + a**4/6 + 2*a**2 + 24*a + 1. Suppose 16*c - 21 = 9*c. Calculate u(c).
-5
Let x be 970/(-90) - 4/18. Let f = 16 + x. Let t(m) = -m + 3 - 5*m + m**2 - 1. Give t(f).
-3
Let y(r) = -5*r + 1. Let g be y(2). Let s(v) = 4*v**3 - 12 + 66*v - 5*v**3 - 76*v - 10*v**2. Give s(g).
-3
Let n(t) = 5*t**2 - 7*t + 2. Let f be n(2). Let p(u) = u - 13. Determine p(f).
-5
Suppose x - 2*x = 5*u + 50, 4*u = 3*x - 21. Let t(n) = 3*n + 13. Give t(u).
-14
Suppose -3*j + 5*j = 10. Let o(b) = 3*b**3 + 12*b**2 - 5*b - 10. Let s(i) = i**3 + 6*i**2 - 3*i - 5. Let z(d) = 2*o(d) - 5*s(d). What is z(j)?
5
Let l(z) be the first derivative of -z**4/24 + z**3/6 + 9*z**2/2 - 22. Let o(f) be the second derivative of l(f). Give o(-5).
6
Let v(j) = 2*j**3 - 2*j**2 + 10*j + 8. Let w(s) = 3*s**3 - s**2 + 11*s + 9. Let h be (4 - 1)*-1*1. Let k(n) = h*w(n) + 4*v(n). What is k(-6)?
-1
Let s = -2 - -1. Let x(h) = 7*h**2 - 1 + 4412*h - 2204*h - 2209*h + 6*h**2 + 4*h**2. Determine x(s).
17
Suppose 2*m - 3 - 1 = 0. Let v(i) = -5*i + 5*i - m*i**3 - 3*i**2. Suppose -j - 4 - 3 = -u, -3*j = 4*u - 14. Determine v(j).
4
Let k(u) = u**2 - 6*u + 1. Let h(d) = -d**2 + 7*d - 1. Let l(a) = 3*h(a) + 2*k(a). Calculate l(5).
19
Let k be 0/((-1)/(3 - 2)). Let h(u) = -5*u + 12. Let i(a) = a. Let j(x) = h(x) + 4*i(x). Calculate j(k).
12
Let n(i) = i**2 - 9*i + 11. Let d be (1/(-5))/(12/(-420)). Calculate n(d).
-3
Suppose -2*d + 9 = -1. Let o(l) be the first derivative of l**2 + 4*l - 54. Give o(d).
14
Let q(v) = -v - 2 + 4 - 2 + 2*v + 1. Determine q(4).
5
Let q(l) be the third derivative of -l**6/120 + 3*l**5/20 + l**4/3 - 7*l**3/6 + 82*l**2. Determine q(10).
-27
Let m(g) be the second derivative of g**4/12 + g**3 + g. Let h be (-1)/(30/35 - 1). Suppose 20 = -h*c - 29. Determine m(c).
7
Let y(g) = 4*g + 7. Let q(r) = -9*r - 16. Let j(c) = 2*q(c) + 5*y(c). Give j(-2).
-1
Suppose 57*h - 42*h = -285. Let u(l) = l**2 + 19*l - 4. Calculate u(h).
-4
Let o(v) be the first derivative of 3*v**4/2 - v**3/3 + v**2/2 + v + 184. Calculate o(-1).
-7
Suppose 0*x - 12 = -6*x. Let u(z) = -152 - 6*z + z**3 + 76 + 6*z**x + 83. What is u(-7)?
0
Let b(h) = -6*h - 5. Let d be (3/(-54)*-6)/((-1)/12). Give b(d).
19
Let f(m) = -5*m. Let p be (-1 - (1 - 0)) + -27 + 22. Give f(p).
35
Let v(r) = -2*r + 5. Let i(w) = w - 2. Suppose -3*d - 2*j = 25, -18 = 5*d - 4*j + 9. Let z(c) = d*i(c) - 3*v(c). Calculate z(-4).
3
Let w = 1477 + -1481. Suppose 2*u + 1 = 5. Let b(q) = 4 - 6 + 3 - q**2 - u*q. Determine b(w).
-7
Let v be (-3 - -3)/(1/(-1) + -1). Let g(m) = m**2 + 4*m. Calculate g(v).
0
Let d(n) = n**2 + n - 1. Let h(p) = -p**3 - 3*p**2 + 11*p + 7. Let s(y) = -2*d(y) + h(y). Determine s(-6).
-9
Suppose -3*d - 2 = 1. Let x be (d - 2/6)*-3. Suppose 4*y + 8 = 0, -x*q + 18 = 4*y + 6. Let p(m) = -m + 3. Give p(q).
-2
Let x(b) = -4*b**2 + 21*b - 49. Let p(j) = j**2 - 7*j + 16. Let r(y) = 7*p(y) + 2*x(y). Calculate r(-11).
-30
Suppose 3*p - 12 = -4*n + n, -p - 4 = -n. Let h(k) = 1 - 3*k + 3*k**2 - 2 + n. Suppose 0*u + 2 = u. Calculate h(u).
9
Let c(v) be the first derivative of v**2 + 4*v - 237. Give c(2).
8
Suppose 3*u = 5*x + 38, -3*u = 5*x - 2 + 4. Let b(p) = -7 - 10*p**2 - 16*p**2 - 2*p + 27*p**2. Calculate b(u).
17
Let k(z) = 2*z + 8. Suppose 26*r - 74*r - 336 = 0. Calculate k(r).
-6
Let h(r) = 10*r**2 - 9*r**2 + 0*r**2 + 4*r. Let g = 25 + -30. Determine h(g).
5
Let p(o) = 2*o**3 - 3*o**2 - o + 6. Let h(a) = -3*a**3 + 7*a**2 + 4*a - 10. Let q(f) = -3*h(f) - 5*p(f). What is q(-5)?
10
Let p(g) = -2*g + 10. Suppose 5*o - 28 = 2*l - 0*l, 0 = 3*l + 12. Give p(o).
2
Let z(l) = l**2 - 3*l + 24*l**2 + 5 - 19*l**2 - 4*l**2. Calculate z(2).
7
Let f(v) be the third derivative of 0 + 1/3*v**3 - 1/120*v**6 - 1/12*v**4 + 31*v**2 - 1/15*v**5 + 0*v. Determine f(-4).
10
Suppose 14 = -3*m + 5. Let d(w) be the second derivative of -w**3/3 - 3*w**2/2 + 2*w - 2. Calculate d(m).
3
Suppose 7*d - 4*d + 2*d = 0. Suppose -3*h + d*h = 5*h. Let a(u) be the second derivative of u**3/6 - 7*u**2/2 + 2*u. What is a(h)?
-7
Let v(j) = -j**2 + 23 - 29 - 2*j + 2*j - 2*j. Determine v(-3).
-9
Let w(z) = -5*z - 4. Suppose 2*c - 2*d - 3 = -9, -2*d = c - 9. Let s be (0 + -4)*1/c. Calculate w(s).
16
Let u(i) = -2*i - 1 + 3*i - 17*i + 0*i. Calculate u(-1).
15
Let j(t) = 10*t**3 + 30*t**2 - 4*t + 12. Let m(i) = 3*i**3 + 10*i**2 - i + 4. Let k(g) = -2*j(g) + 7*m(g). Calculate k(-10).
-6
Let y(k) = -3*k + 7*k - 2*k - 4*k. Let z(f) = -f**3 + 5*f**2 - f + 3. Let a be z(5). Let r be 1/(3*4/24)*a. Calculate y(r).
8
Let r be 238/28 + 2/4*-3. Let p(c) = 2 - c**3 + c**2 - 4*c**2 - r - 6*c**2. Give p(-9).
-5
Let h(f) = -131*f - 20. Let y(c) = -45*c - 7. Let k(o) = 6*h(o) - 17*y(o). Give k(1).
-22
Let w(r) = r**3 + 8*r**2 + 9*r - 4. Suppose -114*x + 116*x + 14 = 0. Calculate w(x).
-18
Let i(o) = -8*o + 6. Let w(h) = 7*h - 5. Let z(d) = 2*i(d) + 3*w(d). Determine z(-5).
-28
Let a(i) be the third derivative of i**5/60 - 2*i**2 + 217. Determine a(-4).
16
Let k be (-1)/(3/(-2))*-6. Let w = 164 + -158. Let f be k/(-12) + (-2)/w. Let p(a) = -a**2 - a - 1. Determine p(f).
-1
Let v(n) = -n**3 - 4*n**2 + 4*n - 6. Let z(b) = 2*b**3 + 8*b**2 - 8*b + 12. Let p(t) = 11*v(t) + 6*z(t). Calculate p(-5).
1
Suppose 0 = -4*g - k + 27, 3*k + 0 = -4*g + 25. Let b(f) = -f**3 + 5*f**2 + 18*f - 7. Let n be b(g). Let o = n + -16. Let s(t) = -2*t + 7. Give s(o).
-3
Let z be (12/(-8))/((-1)/(-8)). Suppose -112 = 11*h - 4*h. Let b = h - z. Let w(d) = d**2 + 4*d - 1. Calculate w(b).
-1
Let x(n) = -5*n**2 + 0*n**2 + 8*n + 12*n**2 + 9. Let z(s) = s**2 + s + 1. Let d(v) = x(v) - 6*z(v). Give d(